{"id":594,"date":"2023-10-03T11:18:03","date_gmt":"2023-10-03T09:18:03","guid":{"rendered":"https:\/\/pro-g-clean.com\/?page_id=594"},"modified":"2023-10-06T13:24:56","modified_gmt":"2023-10-06T11:24:56","slug":"contact","status":"publish","type":"page","link":"https:\/\/pro-g-clean.com\/index.php\/contact\/","title":{"rendered":"Contact"},"content":{"rendered":"\t\t<div data-elementor-type=\"wp-page\" data-elementor-id=\"594\" class=\"elementor elementor-594\" data-elementor-post-type=\"page\">\n\t\t\t\t<div class=\"elementor-element elementor-element-b8ad4aa e-flex e-con-boxed e-con e-parent\" data-id=\"b8ad4aa\" data-element_type=\"container\" data-e-type=\"container\" data-settings=\"{&quot;background_background&quot;:&quot;classic&quot;}\">\n\t\t\t\t\t<div class=\"e-con-inner\">\n\t\t\t\t<div class=\"elementor-element elementor-element-7e61941 elementor-widget elementor-widget-spacer\" data-id=\"7e61941\" data-element_type=\"widget\" data-e-type=\"widget\" data-widget_type=\"spacer.default\">\n\t\t\t\t<div class=\"elementor-widget-container\">\n\t\t\t\t\t\t\t<div class=\"elementor-spacer\">\n\t\t\t<div class=\"elementor-spacer-inner\"><\/div>\n\t\t<\/div>\n\t\t\t\t\t\t<\/div>\n\t\t\t\t<\/div>\n\t\t\t\t\t<\/div>\n\t\t\t\t<\/div>\n\t\t<div class=\"elementor-element elementor-element-7761a78c e-con-full e-flex e-con e-parent\" data-id=\"7761a78c\" data-element_type=\"container\" data-e-type=\"container\" data-settings=\"{&quot;background_background&quot;:&quot;classic&quot;}\">\n\t\t\t\t<div class=\"elementor-element elementor-element-2f2ce8ec animated-slow elementor-invisible elementor-widget elementor-widget-heading\" data-id=\"2f2ce8ec\" data-element_type=\"widget\" data-e-type=\"widget\" data-settings=\"{&quot;_animation&quot;:&quot;slideInUp&quot;}\" data-widget_type=\"heading.default\">\n\t\t\t\t<div class=\"elementor-widget-container\">\n\t\t\t\t\t<h2 class=\"elementor-heading-title elementor-size-default\">Pour tout renseignement<\/h2>\t\t\t\t<\/div>\n\t\t\t\t<\/div>\n\t\t\t\t<div class=\"elementor-element elementor-element-7fb6ba67 animated-slow elementor-invisible elementor-widget elementor-widget-heading\" data-id=\"7fb6ba67\" data-element_type=\"widget\" data-e-type=\"widget\" data-settings=\"{&quot;_animation&quot;:&quot;slideInUp&quot;}\" data-widget_type=\"heading.default\">\n\t\t\t\t<div class=\"elementor-widget-container\">\n\t\t\t\t\t<h2 class=\"elementor-heading-title elementor-size-default\">contactez nous<\/h2>\t\t\t\t<\/div>\n\t\t\t\t<\/div>\n\t\t<div class=\"elementor-element elementor-element-a7b1208 e-con-full e-flex e-con e-child\" data-id=\"a7b1208\" data-element_type=\"container\" data-e-type=\"container\">\n\t\t<div class=\"elementor-element elementor-element-606bfa44 e-con-full e-flex e-con e-child\" data-id=\"606bfa44\" data-element_type=\"container\" data-e-type=\"container\">\n\t\t\t\t<div class=\"elementor-element elementor-element-1af2e5df elementor-widget elementor-widget-icon-box\" data-id=\"1af2e5df\" data-element_type=\"widget\" data-e-type=\"widget\" data-widget_type=\"icon-box.default\">\n\t\t\t\t<div class=\"elementor-widget-container\">\n\t\t\t\t\t\t\t<div class=\"elementor-icon-box-wrapper\">\n\n\t\t\t\n\t\t\t\t\t\t<div class=\"elementor-icon-box-content\">\n\n\t\t\t\t\t\t\t\t\t<h3 class=\"elementor-icon-box-title\">\n\t\t\t\t\t\t<span  >\n\t\t\t\t\t\t\tNotre si\u00e8ge social\t\t\t\t\t\t<\/span>\n\t\t\t\t\t<\/h3>\n\t\t\t\t\n\t\t\t\t\t\t\t\t\t<p class=\"elementor-icon-box-description\">\n\t\t\t\t\t\t42 Avenue Bernard Lecache, R\u00e9s Clairval Bat G, 13011 Marseille\t\t\t\t\t<\/p>\n\t\t\t\t\n\t\t\t<\/div>\n\t\t\t\n\t\t<\/div>\n\t\t\t\t\t\t<\/div>\n\t\t\t\t<\/div>\n\t\t\t\t<div class=\"elementor-element elementor-element-ad18035 elementor-widget elementor-widget-icon-box\" data-id=\"ad18035\" data-element_type=\"widget\" data-e-type=\"widget\" data-widget_type=\"icon-box.default\">\n\t\t\t\t<div class=\"elementor-widget-container\">\n\t\t\t\t\t\t\t<div class=\"elementor-icon-box-wrapper\">\n\n\t\t\t\n\t\t\t\t\t\t<div class=\"elementor-icon-box-content\">\n\n\t\t\t\t\t\t\t\t\t<h3 class=\"elementor-icon-box-title\">\n\t\t\t\t\t\t<span  >\n\t\t\t\t\t\t\tNotre Accueil\t\t\t\t\t\t<\/span>\n\t\t\t\t\t<\/h3>\n\t\t\t\t\n\t\t\t\t\t\t\t\t\t<p class=\"elementor-icon-box-description\">\n\t\t\t\t\t\t57 Mont\u00e9e de st Menet, 13011 Marseille\t\t\t\t\t<\/p>\n\t\t\t\t\n\t\t\t<\/div>\n\t\t\t\n\t\t<\/div>\n\t\t\t\t\t\t<\/div>\n\t\t\t\t<\/div>\n\t\t\t\t<div class=\"elementor-element elementor-element-14aa4d4e elementor-widget elementor-widget-icon-box\" data-id=\"14aa4d4e\" data-element_type=\"widget\" data-e-type=\"widget\" data-widget_type=\"icon-box.default\">\n\t\t\t\t<div class=\"elementor-widget-container\">\n\t\t\t\t\t\t\t<div class=\"elementor-icon-box-wrapper\">\n\n\t\t\t\n\t\t\t\t\t\t<div class=\"elementor-icon-box-content\">\n\n\t\t\t\t\t\t\t\t\t<h3 class=\"elementor-icon-box-title\">\n\t\t\t\t\t\t<span  >\n\t\t\t\t\t\t\tCoordonn\u00e9es\t\t\t\t\t\t<\/span>\n\t\t\t\t\t<\/h3>\n\t\t\t\t\n\t\t\t\t\t\t\t\t\t<p class=\"elementor-icon-box-description\">\n\t\t\t\t\t\t07 49 28 88 44<br>\ncontac@pro-g-clean.com\t\t\t\t\t<\/p>\n\t\t\t\t\n\t\t\t<\/div>\n\t\t\t\n\t\t<\/div>\n\t\t\t\t\t\t<\/div>\n\t\t\t\t<\/div>\n\t\t\t\t<div class=\"elementor-element elementor-element-2b5e48ec elementor-widget elementor-widget-icon-box\" data-id=\"2b5e48ec\" data-element_type=\"widget\" data-e-type=\"widget\" data-widget_type=\"icon-box.default\">\n\t\t\t\t<div class=\"elementor-widget-container\">\n\t\t\t\t\t\t\t<div class=\"elementor-icon-box-wrapper\">\n\n\t\t\t\n\t\t\t\t\t\t<div class=\"elementor-icon-box-content\">\n\n\t\t\t\t\t\t\t\t\t<h3 class=\"elementor-icon-box-title\">\n\t\t\t\t\t\t<span  >\n\t\t\t\t\t\t\tHoraires\t\t\t\t\t\t<\/span>\n\t\t\t\t\t<\/h3>\n\t\t\t\t\n\t\t\t\t\t\t\t\t\t<p class=\"elementor-icon-box-description\">\n\t\t\t\t\t\tLun- Sam:  8h30 - 18h00\t\t\t\t\t<\/p>\n\t\t\t\t\n\t\t\t<\/div>\n\t\t\t\n\t\t<\/div>\n\t\t\t\t\t\t<\/div>\n\t\t\t\t<\/div>\n\t\t\t\t<\/div>\n\t\t<div class=\"elementor-element elementor-element-96749e5 e-con-full e-flex e-con e-child\" data-id=\"96749e5\" data-element_type=\"container\" data-e-type=\"container\">\n\t\t\t\t<div class=\"elementor-element elementor-element-119f95b5 elementor-widget elementor-widget-heading\" data-id=\"119f95b5\" data-element_type=\"widget\" data-e-type=\"widget\" data-widget_type=\"heading.default\">\n\t\t\t\t<div class=\"elementor-widget-container\">\n\t\t\t\t\t<h2 class=\"elementor-heading-title elementor-size-default\">Envoyez nous un message<\/h2>\t\t\t\t<\/div>\n\t\t\t\t<\/div>\n\t\t\t\t<div class=\"elementor-element elementor-element-1dad724d elementor-button-align-start elementor-tablet-button-align-stretch elementor-widget elementor-widget-form\" data-id=\"1dad724d\" data-element_type=\"widget\" data-e-type=\"widget\" data-settings=\"{&quot;button_width_tablet&quot;:&quot;100&quot;,&quot;step_next_label&quot;:&quot;Next&quot;,&quot;step_previous_label&quot;:&quot;Previous&quot;,&quot;button_width&quot;:&quot;100&quot;,&quot;step_type&quot;:&quot;number_text&quot;,&quot;step_icon_shape&quot;:&quot;circle&quot;}\" data-widget_type=\"form.default\">\n\t\t\t\t<div class=\"elementor-widget-container\">\n\t\t\t\t\t\t\t<form class=\"elementor-form\" method=\"post\" name=\"Contactez nous\" aria-label=\"Contactez nous\" novalidate=\"\">\n\t\t\t<input type=\"hidden\" name=\"post_id\" value=\"594\"\/>\n\t\t\t<input type=\"hidden\" name=\"form_id\" value=\"1dad724d\"\/>\n\t\t\t<input type=\"hidden\" name=\"referer_title\" value=\"Pro G clean\" \/>\n\n\t\t\t\n\t\t\t<div class=\"elementor-form-fields-wrapper elementor-labels-above\">\n\t\t\t\t\t\t\t\t<div class=\"elementor-field-type-text elementor-field-group elementor-column elementor-field-group-name elementor-col-100 elementor-md-50\">\n\t\t\t\t\t\t\t\t\t\t\t\t<label for=\"form-field-name\" class=\"elementor-field-label\">\n\t\t\t\t\t\t\t\tNom\t\t\t\t\t\t\t<\/label>\n\t\t\t\t\t\t\t\t\t\t\t\t\t\t<input size=\"1\" type=\"text\" name=\"form_fields[name]\" id=\"form-field-name\" class=\"elementor-field elementor-size-sm  elementor-field-textual\" placeholder=\"Nom\">\n\t\t\t\t\t\t\t\t\t\t\t<\/div>\n\t\t\t\t\t\t\t\t<div class=\"elementor-field-type-tel elementor-field-group elementor-column elementor-field-group-field_719ed13 elementor-col-100 elementor-md-50 elementor-field-required elementor-mark-required\">\n\t\t\t\t\t\t\t\t\t\t\t\t<label for=\"form-field-field_719ed13\" class=\"elementor-field-label\">\n\t\t\t\t\t\t\t\tNum\u00e9ro de t\u00e9l\u00e9phone\t\t\t\t\t\t\t<\/label>\n\t\t\t\t\t\t\t\t<input size=\"1\" type=\"tel\" name=\"form_fields[field_719ed13]\" id=\"form-field-field_719ed13\" class=\"elementor-field elementor-size-sm  elementor-field-textual\" placeholder=\"*Num\u00e9ro de t\u00e9l\u00e9phone\" required=\"required\" pattern=\"[0-9()#&amp;+*-=.]+\" title=\"Seuls les caract\u00e8res de num\u00e9ros de t\u00e9l\u00e9phone (#, -, *, etc.) sont accept\u00e9s.\">\n\n\t\t\t\t\t\t<\/div>\n\t\t\t\t\t\t\t\t<div class=\"elementor-field-type-email elementor-field-group elementor-column elementor-field-group-email elementor-col-100 elementor-md-100 elementor-field-required elementor-mark-required\">\n\t\t\t\t\t\t\t\t\t\t\t\t<label for=\"form-field-email\" class=\"elementor-field-label\">\n\t\t\t\t\t\t\t\tEmail\t\t\t\t\t\t\t<\/label>\n\t\t\t\t\t\t\t\t\t\t\t\t\t\t<input size=\"1\" type=\"email\" name=\"form_fields[email]\" id=\"form-field-email\" class=\"elementor-field elementor-size-sm  elementor-field-textual\" placeholder=\"* Email Address\" required=\"required\">\n\t\t\t\t\t\t\t\t\t\t\t<\/div>\n\t\t\t\t\t\t\t\t<div class=\"elementor-field-type-textarea elementor-field-group elementor-column elementor-field-group-field_ed04c5b elementor-col-100\">\n\t\t\t\t\t\t\t\t\t\t\t\t<label for=\"form-field-field_ed04c5b\" class=\"elementor-field-label\">\n\t\t\t\t\t\t\t\tVotre message\t\t\t\t\t\t\t<\/label>\n\t\t\t\t\t\t<textarea class=\"elementor-field-textual elementor-field  elementor-size-sm\" name=\"form_fields[field_ed04c5b]\" id=\"form-field-field_ed04c5b\" rows=\"4\" placeholder=\"Message\"><\/textarea>\t\t\t\t<\/div>\n\t\t\t\t\t\t\t\t<div class=\"elementor-field-group elementor-column elementor-field-type-submit elementor-col-100 e-form__buttons elementor-md-100\">\n\t\t\t\t\t<button class=\"elementor-button elementor-size-sm elementor-animation-shrink\" type=\"submit\">\n\t\t\t\t\t\t<span class=\"elementor-button-content-wrapper\">\n\t\t\t\t\t\t\t\t\t\t\t\t\t\t\t\t\t\t\t\t\t\t<span class=\"elementor-button-text\">Envoyer<\/span>\n\t\t\t\t\t\t\t\t\t\t\t\t\t<\/span>\n\t\t\t\t\t<\/button>\n\t\t\t\t<\/div>\n\t\t\t<\/div>\n\t\t<\/form>\n\t\t\t\t\t\t<\/div>\n\t\t\t\t<\/div>\n\t\t\t\t<\/div>\n\t\t\t\t<div class=\"elementor-element elementor-element-7b75fb21 elementor-widget elementor-widget-image\" data-id=\"7b75fb21\" data-element_type=\"widget\" data-e-type=\"widget\" data-widget_type=\"image.default\">\n\t\t\t\t<div class=\"elementor-widget-container\">\n\t\t\t\t\t\t\t\t\t\t\t\t\t\t\t<img fetchpriority=\"high\" decoding=\"async\" width=\"500\" height=\"500\" src=\"https:\/\/pro-g-clean.com\/wp-content\/uploads\/2023\/09\/PRO-G-CLEAN2.png\" class=\"attachment-large size-large wp-image-101\" alt=\"\" srcset=\"https:\/\/pro-g-clean.com\/wp-content\/uploads\/2023\/09\/PRO-G-CLEAN2.png 500w, https:\/\/pro-g-clean.com\/wp-content\/uploads\/2023\/09\/PRO-G-CLEAN2-300x300.png 300w, https:\/\/pro-g-clean.com\/wp-content\/uploads\/2023\/09\/PRO-G-CLEAN2-150x150.png 150w, https:\/\/pro-g-clean.com\/wp-content\/uploads\/2023\/09\/PRO-G-CLEAN2-100x100.png 100w\" sizes=\"(max-width: 500px) 100vw, 500px\" \/>\t\t\t\t\t\t\t\t\t\t\t\t\t\t\t<\/div>\n\t\t\t\t<\/div>\n\t\t\t\t<\/div>\n\t\t\t\t<\/div>\n\t\t<div class=\"elementor-element elementor-element-fb57f18 e-flex e-con-boxed e-con e-parent\" data-id=\"fb57f18\" data-element_type=\"container\" data-e-type=\"container\" data-settings=\"{&quot;background_background&quot;:&quot;classic&quot;}\">\n\t\t\t\t\t<div class=\"e-con-inner\">\n\t\t\t\t\t<\/div>\n\t\t\t\t<\/div>\n\t\t\t\t<\/div>\n\t\t","protected":false},"excerpt":{"rendered":"<p>Pour tout renseignement contactez nous Notre si\u00e8ge social 42 Avenue Bernard Lecache, R\u00e9s Clairval Bat G, 13011 Marseille Notre Accueil 57 Mont\u00e9e de st Menet, 13011 Marseille Coordonn\u00e9es 07 49 28 88 44 contac@pro-g-clean.com Horaires Lun- Sam: 8h30 &#8211; 18h00 Envoyez nous un message<\/p>\n","protected":false},"author":1,"featured_media":0,"parent":0,"menu_order":0,"comment_status":"closed","ping_status":"closed","template":"","meta":{"site-sidebar-layout":"no-sidebar","site-content-layout":"","ast-site-content-layout":"full-width-container","site-content-style":"default","site-sidebar-style":"default","ast-global-header-display":"","ast-banner-title-visibility":"","ast-main-header-display":"","ast-hfb-above-header-display":"","ast-hfb-below-header-display":"","ast-hfb-mobile-header-display":"","site-post-title":"disabled","ast-breadcrumbs-content":"","ast-featured-img":"disabled","footer-sml-layout":"","ast-disable-related-posts":"","theme-transparent-header-meta":"","adv-header-id-meta":"","stick-header-meta":"","header-above-stick-meta":"","header-main-stick-meta":"","header-below-stick-meta":"","astra-migrate-meta-layouts":"default","ast-page-background-enabled":"default","ast-page-background-meta":{"desktop":{"background-color":"var(--ast-global-color-4)","background-image":"","background-repeat":"repeat","background-position":"center center","background-size":"auto","background-attachment":"scroll","background-type":"","background-media":"","overlay-type":"","overlay-color":"","overlay-opacity":"","overlay-gradient":""},"tablet":{"background-color":"","background-image":"","background-repeat":"repeat","background-position":"center center","background-size":"auto","background-attachment":"scroll","background-type":"","background-media":"","overlay-type":"","overlay-color":"","overlay-opacity":"","overlay-gradient":""},"mobile":{"background-color":"","background-image":"","background-repeat":"repeat","background-position":"center center","background-size":"auto","background-attachment":"scroll","background-type":"","background-media":"","overlay-type":"","overlay-color":"","overlay-opacity":"","overlay-gradient":""}},"ast-content-background-meta":{"desktop":{"background-color":"var(--ast-global-color-5)","background-image":"","background-repeat":"repeat","background-position":"center center","background-size":"auto","background-attachment":"scroll","background-type":"","background-media":"","overlay-type":"","overlay-color":"","overlay-opacity":"","overlay-gradient":""},"tablet":{"background-color":"var(--ast-global-color-5)","background-image":"","background-repeat":"repeat","background-position":"center center","background-size":"auto","background-attachment":"scroll","background-type":"","background-media":"","overlay-type":"","overlay-color":"","overlay-opacity":"","overlay-gradient":""},"mobile":{"background-color":"var(--ast-global-color-5)","background-image":"","background-repeat":"repeat","background-position":"center center","background-size":"auto","background-attachment":"scroll","background-type":"","background-media":"","overlay-type":"","overlay-color":"","overlay-opacity":"","overlay-gradient":""}},"footnotes":""},"class_list":["post-594","page","type-page","status-publish","hentry"],"yoast_head":"<!-- This site is optimized with the Yoast SEO plugin v27.2 - https:\/\/yoast.com\/product\/yoast-seo-wordpress\/ -->\n<title>Contact - Pro G clean<\/title>\n<meta name=\"robots\" content=\"index, follow, max-snippet:-1, max-image-preview:large, max-video-preview:-1\" \/>\n<link rel=\"canonical\" href=\"https:\/\/pro-g-clean.com\/index.php\/contact\/\" \/>\n<meta property=\"og:locale\" content=\"fr_FR\" \/>\n<meta property=\"og:type\" content=\"article\" \/>\n<meta property=\"og:title\" content=\"Contact - Pro G clean\" \/>\n<meta property=\"og:description\" content=\"Pour tout renseignement contactez nous Notre si\u00e8ge social 42 Avenue Bernard Lecache, R\u00e9s Clairval Bat G, 13011 Marseille Notre Accueil 57 Mont\u00e9e de st Menet, 13011 Marseille Coordonn\u00e9es 07 49 28 88 44 contac@pro-g-clean.com Horaires Lun- Sam: 8h30 &#8211; 18h00 Envoyez nous un message\" \/>\n<meta property=\"og:url\" content=\"https:\/\/pro-g-clean.com\/index.php\/contact\/\" \/>\n<meta property=\"og:site_name\" content=\"Pro G clean\" \/>\n<meta property=\"article:publisher\" content=\"https:\/\/www.facebook.com\/profile.php?id=61551128102890&amp;locale=fr_FR\" \/>\n<meta property=\"article:modified_time\" content=\"2023-10-06T11:24:56+00:00\" \/>\n<meta property=\"og:image\" content=\"https:\/\/pro-g-clean.com\/wp-content\/uploads\/2023\/09\/PRO-G-CLEAN2.png\" \/>\n<meta name=\"twitter:card\" content=\"summary_large_image\" \/>\n<script type=\"application\/ld+json\" class=\"yoast-schema-graph\">{\"@context\":\"https:\/\/schema.org\",\"@graph\":[{\"@type\":\"WebPage\",\"@id\":\"https:\/\/pro-g-clean.com\/index.php\/contact\/\",\"url\":\"https:\/\/pro-g-clean.com\/index.php\/contact\/\",\"name\":\"Contact - Pro G clean\",\"isPartOf\":{\"@id\":\"https:\/\/pro-g-clean.com\/#website\"},\"primaryImageOfPage\":{\"@id\":\"https:\/\/pro-g-clean.com\/index.php\/contact\/#primaryimage\"},\"image\":{\"@id\":\"https:\/\/pro-g-clean.com\/index.php\/contact\/#primaryimage\"},\"thumbnailUrl\":\"https:\/\/pro-g-clean.com\/wp-content\/uploads\/2023\/09\/PRO-G-CLEAN2.png\",\"datePublished\":\"2023-10-03T09:18:03+00:00\",\"dateModified\":\"2023-10-06T11:24:56+00:00\",\"breadcrumb\":{\"@id\":\"https:\/\/pro-g-clean.com\/index.php\/contact\/#breadcrumb\"},\"inLanguage\":\"fr-FR\",\"potentialAction\":[{\"@type\":\"ReadAction\",\"target\":[\"https:\/\/pro-g-clean.com\/index.php\/contact\/\"]}]},{\"@type\":\"ImageObject\",\"inLanguage\":\"fr-FR\",\"@id\":\"https:\/\/pro-g-clean.com\/index.php\/contact\/#primaryimage\",\"url\":\"https:\/\/pro-g-clean.com\/wp-content\/uploads\/2023\/09\/PRO-G-CLEAN2.png\",\"contentUrl\":\"https:\/\/pro-g-clean.com\/wp-content\/uploads\/2023\/09\/PRO-G-CLEAN2.png\",\"width\":500,\"height\":500},{\"@type\":\"BreadcrumbList\",\"@id\":\"https:\/\/pro-g-clean.com\/index.php\/contact\/#breadcrumb\",\"itemListElement\":[{\"@type\":\"ListItem\",\"position\":1,\"name\":\"Accueil\",\"item\":\"https:\/\/pro-g-clean.com\/\"},{\"@type\":\"ListItem\",\"position\":2,\"name\":\"Contact\"}]},{\"@type\":\"WebSite\",\"@id\":\"https:\/\/pro-g-clean.com\/#website\",\"url\":\"https:\/\/pro-g-clean.com\/\",\"name\":\"Pro G clean\",\"description\":\"service de nettoyage Marseille\",\"publisher\":{\"@id\":\"https:\/\/pro-g-clean.com\/#organization\"},\"potentialAction\":[{\"@type\":\"SearchAction\",\"target\":{\"@type\":\"EntryPoint\",\"urlTemplate\":\"https:\/\/pro-g-clean.com\/?s={search_term_string}\"},\"query-input\":{\"@type\":\"PropertyValueSpecification\",\"valueRequired\":true,\"valueName\":\"search_term_string\"}}],\"inLanguage\":\"fr-FR\"},{\"@type\":\"Organization\",\"@id\":\"https:\/\/pro-g-clean.com\/#organization\",\"name\":\"Pro Gclean\",\"alternateName\":\"pro-g-clean\",\"url\":\"https:\/\/pro-g-clean.com\/\",\"logo\":{\"@type\":\"ImageObject\",\"inLanguage\":\"fr-FR\",\"@id\":\"https:\/\/pro-g-clean.com\/#\/schema\/logo\/image\/\",\"url\":\"https:\/\/pro-g-clean.com\/wp-content\/uploads\/2023\/09\/IMG_20230927_104428.jpg\",\"contentUrl\":\"https:\/\/pro-g-clean.com\/wp-content\/uploads\/2023\/09\/IMG_20230927_104428.jpg\",\"width\":720,\"height\":700,\"caption\":\"Pro Gclean\"},\"image\":{\"@id\":\"https:\/\/pro-g-clean.com\/#\/schema\/logo\/image\/\"},\"sameAs\":[\"https:\/\/www.facebook.com\/profile.php?id=61551128102890&locale=fr_FR\"]}]}<\/script>\n<!-- \/ Yoast SEO plugin. -->","yoast_head_json":{"title":"Contact - Pro G clean","robots":{"index":"index","follow":"follow","max-snippet":"max-snippet:-1","max-image-preview":"max-image-preview:large","max-video-preview":"max-video-preview:-1"},"canonical":"https:\/\/pro-g-clean.com\/index.php\/contact\/","og_locale":"fr_FR","og_type":"article","og_title":"Contact - Pro G clean","og_description":"Pour tout renseignement contactez nous Notre si\u00e8ge social 42 Avenue Bernard Lecache, R\u00e9s Clairval Bat G, 13011 Marseille Notre Accueil 57 Mont\u00e9e de st Menet, 13011 Marseille Coordonn\u00e9es 07 49 28 88 44 contac@pro-g-clean.com Horaires Lun- Sam: 8h30 &#8211; 18h00 Envoyez nous un message","og_url":"https:\/\/pro-g-clean.com\/index.php\/contact\/","og_site_name":"Pro G clean","article_publisher":"https:\/\/www.facebook.com\/profile.php?id=61551128102890&locale=fr_FR","article_modified_time":"2023-10-06T11:24:56+00:00","og_image":[{"url":"https:\/\/pro-g-clean.com\/wp-content\/uploads\/2023\/09\/PRO-G-CLEAN2.png","type":"","width":"","height":""}],"twitter_card":"summary_large_image","schema":{"@context":"https:\/\/schema.org","@graph":[{"@type":"WebPage","@id":"https:\/\/pro-g-clean.com\/index.php\/contact\/","url":"https:\/\/pro-g-clean.com\/index.php\/contact\/","name":"Contact - Pro G clean","isPartOf":{"@id":"https:\/\/pro-g-clean.com\/#website"},"primaryImageOfPage":{"@id":"https:\/\/pro-g-clean.com\/index.php\/contact\/#primaryimage"},"image":{"@id":"https:\/\/pro-g-clean.com\/index.php\/contact\/#primaryimage"},"thumbnailUrl":"https:\/\/pro-g-clean.com\/wp-content\/uploads\/2023\/09\/PRO-G-CLEAN2.png","datePublished":"2023-10-03T09:18:03+00:00","dateModified":"2023-10-06T11:24:56+00:00","breadcrumb":{"@id":"https:\/\/pro-g-clean.com\/index.php\/contact\/#breadcrumb"},"inLanguage":"fr-FR","potentialAction":[{"@type":"ReadAction","target":["https:\/\/pro-g-clean.com\/index.php\/contact\/"]}]},{"@type":"ImageObject","inLanguage":"fr-FR","@id":"https:\/\/pro-g-clean.com\/index.php\/contact\/#primaryimage","url":"https:\/\/pro-g-clean.com\/wp-content\/uploads\/2023\/09\/PRO-G-CLEAN2.png","contentUrl":"https:\/\/pro-g-clean.com\/wp-content\/uploads\/2023\/09\/PRO-G-CLEAN2.png","width":500,"height":500},{"@type":"BreadcrumbList","@id":"https:\/\/pro-g-clean.com\/index.php\/contact\/#breadcrumb","itemListElement":[{"@type":"ListItem","position":1,"name":"Accueil","item":"https:\/\/pro-g-clean.com\/"},{"@type":"ListItem","position":2,"name":"Contact"}]},{"@type":"WebSite","@id":"https:\/\/pro-g-clean.com\/#website","url":"https:\/\/pro-g-clean.com\/","name":"Pro G clean","description":"service de nettoyage Marseille","publisher":{"@id":"https:\/\/pro-g-clean.com\/#organization"},"potentialAction":[{"@type":"SearchAction","target":{"@type":"EntryPoint","urlTemplate":"https:\/\/pro-g-clean.com\/?s={search_term_string}"},"query-input":{"@type":"PropertyValueSpecification","valueRequired":true,"valueName":"search_term_string"}}],"inLanguage":"fr-FR"},{"@type":"Organization","@id":"https:\/\/pro-g-clean.com\/#organization","name":"Pro Gclean","alternateName":"pro-g-clean","url":"https:\/\/pro-g-clean.com\/","logo":{"@type":"ImageObject","inLanguage":"fr-FR","@id":"https:\/\/pro-g-clean.com\/#\/schema\/logo\/image\/","url":"https:\/\/pro-g-clean.com\/wp-content\/uploads\/2023\/09\/IMG_20230927_104428.jpg","contentUrl":"https:\/\/pro-g-clean.com\/wp-content\/uploads\/2023\/09\/IMG_20230927_104428.jpg","width":720,"height":700,"caption":"Pro Gclean"},"image":{"@id":"https:\/\/pro-g-clean.com\/#\/schema\/logo\/image\/"},"sameAs":["https:\/\/www.facebook.com\/profile.php?id=61551128102890&locale=fr_FR"]}]}},"_links":{"self":[{"href":"https:\/\/pro-g-clean.com\/index.php\/wp-json\/wp\/v2\/pages\/594","targetHints":{"allow":["GET"]}}],"collection":[{"href":"https:\/\/pro-g-clean.com\/index.php\/wp-json\/wp\/v2\/pages"}],"about":[{"href":"https:\/\/pro-g-clean.com\/index.php\/wp-json\/wp\/v2\/types\/page"}],"author":[{"embeddable":true,"href":"https:\/\/pro-g-clean.com\/index.php\/wp-json\/wp\/v2\/users\/1"}],"replies":[{"embeddable":true,"href":"https:\/\/pro-g-clean.com\/index.php\/wp-json\/wp\/v2\/comments?post=594"}],"version-history":[{"count":115,"href":"https:\/\/pro-g-clean.com\/index.php\/wp-json\/wp\/v2\/pages\/594\/revisions"}],"predecessor-version":[{"id":1592,"href":"https:\/\/pro-g-clean.com\/index.php\/wp-json\/wp\/v2\/pages\/594\/revisions\/1592"}],"wp:attachment":[{"href":"https:\/\/pro-g-clean.com\/index.php\/wp-json\/wp\/v2\/media?parent=594"}],"curies":[{"name":"wp","href":"https:\/\/api.w.org\/{rel}","templated":true}]}}